ue
Does 2042 divide 324667790?
True
Is 131821335 a multiple of 53?
True
Does 639 divide 1493678702?
False
Is 29580305 a multiple of 43?
False
Is 214 a factor of 723106?
True
Does 27 divide 141614431?
False
Is 26588972 a multiple of 42?
False
Is 23444837 a multiple of 785?
False
Is 30090838 a multiple of 628?
False
Is 807 a factor of 36194272?
False
Is 433929298 a multiple of 630?
False
Is 141 a factor of 325318?
False
Does 218 divide 433640368?
True
Is 29610192 a multiple of 26?
False
Is 3 a factor of 42841092?
True
Is 66547355 a multiple of 24?
False
Is 14 a factor of 2094877?
False
Is 538837812 a multiple of 12?
True
Is 83123185 a multiple of 589?
False
Is 68344437 a multiple of 152?
False
Does 57 divide 4663251316?
False
Does 10 divide 18956592?
False
Does 128 divide 142332752?
False
Does 198 divide 63717735?
False
Does 4105 divide 4907670787?
False
Is 15 a factor of 4043608061?
False
Is 24965837 a multiple of 719?
True
Does 42 divide 169846446?
True
Is 3379744 a multiple of 248?
True
Does 732 divide 294153993?
False
Does 28 divide 9918916?
True
Is 507632250 a multiple of 30?
True
Is 163 a factor of 361344431?
True
Is 761631596 a multiple of 278?
True
Is 309 a factor of 332217162?
False
Does 20 divide 63328920?
True
Does 1127 divide 112546353?
False
Is 18844037 a multiple of 809?
True
Does 226 divide 24131828?
True
Is 34666187 a multiple of 480?
False
Is 4214683594 a multiple of 4917?
False
Is 189966465 a multiple of 211?
True
Is 1718128288 a multiple of 3718?
False
Is 7984384 a multiple of 128?
True
Does 3 divide 7555029?
True
Is 110671470 a multiple of 195?
True
Does 82 divide 14076348?
False
Does 268 divide 71478816?
True
Is 497874611 a multiple of 13?
True
Is 523 a factor of 4807794861?
False
Is 37750808 a multiple of 1682?
True
Is 347 a factor of 56948201?
False
Is 28623243 a multiple of 45?
False
Is 567 a factor of 29160810?
True
Is 2433 a factor of 2762861274?
True
Is 9 a factor of 4969816?
False
Does 8 divide 52208610?
False
Is 57 a factor of 31442967?
True
Is 2 a factor of 20357950?
True
Does 261 divide 312357009?
False
Is 172788873 a multiple of 43?
False
Is 5328778 a multiple of 6118?
True
Does 55 divide 758162350?
True
Does 116 divide 777633521?
False
Is 864 a factor of 10283567?
False
Is 39 a factor of 45095021?
False
Is 178 a factor of 106441363?
False
Is 152 a factor of 227992096?
True
Does 113 divide 1681932002?
True
Does 9 divide 17068311?
True
Is 2338 a factor of 159692927?
False
Is 7553574 a multiple of 183?
False
Is 115 a factor of 7830005?
True
Does 1537 divide 52487013?
True
Does 807 divide 48301886?
False
Is 517 a factor of 404033938?
False
Does 9 divide 1404615419?
False
Is 506 a factor of 22056838?
False
Does 38 divide 40593880?
True
Does 337 divide 1326835726?
True
Is 3 a factor of 3973737?
True
Is 1209436362 a multiple of 233?
True
Is 20 a factor of 55455060?
True
Does 72 divide 1661588?
False
Does 8474 divide 4575019386?
True
Is 158 a factor of 821209582?
True
Is 2539453581 a multiple of 9?
True
Is 2904812618 a multiple of 44?
False
Is 351 a factor of 188500005?
False
Is 24903336 a multiple of 34?
False
Is 913 a factor of 51307367?
False
Is 2158 a factor of 66054222?
True
Is 60 a factor of 250270790?
False
Does 5 divide 76879100?
True
Is 1309 a factor of 406745570?
True
Is 933 a factor of 715067061?
True
Does 16 divide 137324258?
False
Does 542 divide 224175536?
True
Is 60606471 a multiple of 883?
True
Does 22 divide 336669433?
False
Is 357309735 a multiple of 15?
True
Does 1821 divide 48257389?
False
Does 11 divide 5421958?
False
Does 11 divide 1886495?
False
Does 1766 divide 25448060?
True
Is 3611000 a multiple of 8?
True
Is 151455893 a multiple of 29?
True
Is 116456323 a multiple of 165?
False
Is 127888960 a multiple of 34?
True
Does 47 divide 311474452?
True
Is 1038 a factor of 107827916?
False
Does 7 divide 4595395?
True
Is 496318 a multiple of 37?
True
Is 271 a factor of 85458766?
True
Does 61 divide 66785369?
False
Does 23 divide 38391370?
True
Does 239 divide 281038666?
True
Does 358 divide 3124982?
True
Is 1079 a factor of 5454345?
True
Does 21 divide 413892?
False
Does 6566 divide 1708190862?
True
Does 130 divide 36770630?
True
Does 311 divide 1160106097?
False
Does 32 divide 515766464?
True
Does 521 divide 86750674?
False
Does 1389 divide 41840119?
False
Is 11 a factor of 42513916?
False
Is 16 a factor of 15701688?
False
Is 25 a factor of 10841029?
False
Is 393 a factor of 641555628?
False
Is 16 a factor of 122047392?
True
Is 15 a factor of 197784225?
True
Is 5285377 a multiple of 380?
False
Is 20562338 a multiple of 2547?
False
Is 268 a factor of 7860702?
False
Is 25316561 a multiple of 1300?
False
Does 23 divide 22367523?
True
Is 1723786575 a multiple of 175?
True
Is 3338 a factor of 3275594449?
False
Is 10761332 even?
True
Is 49 a factor of 62468973?
True
Does 755 divide 177678106?
False
Is 3931 a factor of 289157360?
False
Is 26015426 a multiple of 4?
False
Does 15 divide 1572172830?
True
Is 81 a factor of 87800598?
True
Is 47065729 a multiple of 50?
False
Does 53 divide 386250340?
False
Is 1803 a factor of 42602000?
False
Does 1111 divide 2338655?
True
Is 201009823 a multiple of 5291?
False
Is 565971443 a multiple of 2249?
False
Is 1688685 a multiple of 5?
True
Does 330 divide 153187695?
False
Is 19988150 a multiple of 4025?
True
Is 19 a factor of 21407243?
True
Is 11312632 a multiple of 1039?
True
Does 384 divide 701829088?
False
Is 57 a factor of 1438635504?
False
Is 177068804 a multiple of 68?
True
Does 4204 divide 3064716?
True
Is 65 a factor of 51902827?
False
Is 111363973 a multiple of 448?
False
Does 4 divide 5077855?
False
Is 380 a factor of 176000420?
True
Is 443266484 a multiple of 537?
False
Does 8 divide 71815944?
True
Does 29 divide 15575041?
False
Is 586 a factor of 1020015040?
True
Is 7 a factor of 47438954?
False
Is 3147 a factor of 30349668?
True
Does 54 divide 14713434?
True
Is 19 a factor of 89708234?
True
Does 223 divide 11139742?
True
Is 86 a factor of 3305633789?
False
Is 12411925 a multiple of 25?
True
Is 414408 a multiple of 3?
True
Is 37377152 a multiple of 272?
True
Is 40308076 a multiple of 18?
False
Is 77 a factor of 5004846?
True
Is 1262777820 a multiple of 15?
True
Does 1176 divide 33144986?
False
Is 3 a factor of 67479712?
False
Is 64681278 a multiple of 9?
False
Is 4019 a factor of 265262038?
True
Is 4999076 a multiple of 468?
False
Is 158 a factor of 12917760?
False
Is 7181142562 a multiple of 22?
True
Is 435079632 a multiple of 247?
True
Is 55 a factor of 407606063?
False
Does 6 divide 328692362?
False
Does 46 divide 48985534?
False
Does 1061 divide 3063648110?
True
Is 480 a factor of 1836167?
False
Is 239825421 a multiple of 966?
False
Is 529 a factor of 26001578?
False
Is 40066955 a multiple of 20?
False
Is 51952068 a multiple of 238?
True
Is 61987311 a multiple of 30?
False
Does 198 divide 34887798?
True
Is 7 a factor of 83158782?
True
Is 193 a factor of 306793186?
True
Is 8 a factor of 4880714?
False
Is 1438285450 a multiple of 6161?
True
Does 1106 divide 18109644?
True
Is 22029746 a multiple of 1789?
True
Does 32 divide 38909201?
False
Is 265969648 a multiple of 396?
False
Is 155016043 a multiple of 13?
True
Does 18 divide 569172114?
True
Is 33534644 a multiple of 119?
False
Does 12 divide 26216532?
True
Does 4854 divide 972576564?
True
Does 369 divide 1225187379?
True
Is 9579716 a multiple of 155?
False
Does 7625 divide 182817775?
False
Does 6446 divide 2967604412?
False
Is 19 a factor of 280438365?
False
Is 195016644 a multiple of 36?
True
Is 11213955 a multiple of 5?
True
Is 1489 a factor of 77176060?
False
Does 260 divide 276621719?
False
Is 4279 a factor of 1845021661?
False
Is 253 a factor of 380581402?
False
Does 2098 divide 461999031?
False
Is 21 a factor of 295530711?
True
Is 207 a factor of 4619412?
True
Is 1468 a factor of 112321412?
False
Does 21 divide 45867948?
True
Is 9043778 a multiple of 21?
False
Is 297 a factor of 21104226?
True
Is 11581106 a multiple of 82?
True
Does 3514 divide 453386822?
True
Is 1489474352 a multiple of 1252?
True
Does 260 divide 187904600?
True
Is 12 a factor of 36589656?
True
Does 229 divide 1059952835?
True
Is 303068717 a multiple of 2?
False
Is 1331 a factor of 20313990?
False
Does 221 divide 11168220?
False
Is 